common factor of 5192 and 176?
88
What is the greatest common factor of 4 and 82?
2
Calculate the highest common divisor of 33 and 891.
33
Calculate the highest common factor of 245 and 20.
5
What is the greatest common divisor of 189 and 36288?
189
What is the greatest common factor of 1066 and 1189?
41
What is the highest common divisor of 106 and 7102?
106
Calculate the greatest common divisor of 171 and 18.
9
What is the greatest common divisor of 20 and 30?
10
Calculate the greatest common factor of 3973 and 411.
137
Calculate the greatest common factor of 16 and 4304.
16
Calculate the greatest common divisor of 342 and 570.
114
Calculate the greatest common divisor of 5986 and 4.
2
Calculate the greatest common divisor of 3069 and 93.
93
Calculate the highest common divisor of 21 and 28.
7
What is the greatest common divisor of 812 and 28?
28
Calculate the highest common factor of 32 and 128.
32
Calculate the greatest common factor of 11550 and 300.
150
Calculate the highest common factor of 7 and 203.
7
Calculate the highest common factor of 20 and 3620.
20
What is the greatest common factor of 240 and 384?
48
Calculate the highest common factor of 14 and 26.
2
What is the greatest common divisor of 2997 and 74?
37
What is the highest common factor of 32 and 3184?
16
What is the highest common factor of 2425 and 25?
25
What is the greatest common factor of 500 and 20?
20
Calculate the greatest common divisor of 51 and 1972.
17
What is the highest common factor of 79 and 91087?
79
What is the greatest common factor of 11151 and 567?
189
What is the highest common divisor of 154 and 14?
14
Calculate the greatest common factor of 363 and 18.
3
What is the greatest common divisor of 70 and 14?
14
Calculate the highest common divisor of 104 and 1417.
13
What is the highest common divisor of 5 and 419?
1
What is the highest common factor of 60 and 63660?
60
Calculate the highest common factor of 9 and 171.
9
What is the greatest common divisor of 1598 and 7614?
94
Calculate the greatest common factor of 16 and 5584.
16
Calculate the highest common divisor of 5105 and 10.
5
What is the highest common divisor of 781 and 143?
11
What is the highest common factor of 80 and 155?
5
Calculate the highest common factor of 377 and 13.
13
What is the greatest common divisor of 10 and 890?
10
What is the highest common divisor of 2328 and 3007?
97
Calculate the highest common factor of 72 and 40.
8
Calculate the highest common divisor of 105 and 168.
21
What is the highest common divisor of 112 and 848?
16
What is the highest common divisor of 6 and 1266?
6
What is the highest common divisor of 6105 and 440?
55
Calculate the highest common factor of 15 and 21.
3
Calculate the highest common factor of 18 and 36.
18
Calculate the highest common factor of 14 and 16.
2
Calculate the highest common divisor of 4 and 19372.
4
Calculate the highest common divisor of 978 and 12.
6
Calculate the greatest common divisor of 47 and 1739.
47
What is the greatest common factor of 180 and 153?
9
What is the greatest common divisor of 13176 and 122?
122
Calculate the highest common factor of 119 and 51.
17
What is the greatest common divisor of 124 and 31?
31
Calculate the highest common divisor of 17 and 1377.
17
What is the highest common divisor of 1770 and 30?
30
What is the greatest common divisor of 60 and 4500?
60
What is the highest common factor of 1517 and 41?
41
Calculate the greatest common divisor of 22932 and 24.
12
What is the highest common factor of 130 and 10530?
130
What is the highest common divisor of 15492 and 24?
12
What is the greatest common factor of 16 and 11360?
16
Calculate the greatest common factor of 600 and 72.
24
What is the greatest common divisor of 65 and 5785?
65
What is the highest common divisor of 600 and 930?
30
What is the greatest common divisor of 744 and 4371?
93
What is the greatest common divisor of 39 and 104169?
39
Calculate the greatest common divisor of 650 and 200.
50
What is the highest common divisor of 272 and 976?
16
Calculate the greatest common divisor of 738 and 328.
82
Calculate the highest common factor of 942 and 4553.
157
Calculate the greatest common factor of 4 and 172.
4
What is the greatest common factor of 672 and 126?
42
Calculate the highest common divisor of 990 and 2070.
90
What is the highest common divisor of 540 and 1380?
60
Calculate the highest common factor of 8 and 1576.
8
What is the highest common divisor of 5 and 19?
1
Calculate the greatest common divisor of 26480 and 32.
16
What is the highest common factor of 374 and 1819?
17
Calculate the greatest common divisor of 704 and 22.
22
What is the greatest common factor of 756 and 140?
28
Calculate the highest common factor of 1482 and 1352.
26
What is the highest common divisor of 67242 and 21?
21
What is the highest common factor of 4 and 7592?
4
What is the greatest common factor of 861 and 1230?
123
Calculate the highest common divisor of 5 and 585.
5
Calculate the highest common factor of 144 and 108.
36
What is the greatest common divisor of 46 and 276?
46
What is the greatest common factor of 3712 and 87?
29
What is the greatest common divisor of 38 and 13718?
38
What is the highest common factor of 39615 and 171?
57
Calculate the highest common factor of 18945 and 20.
5
What is the greatest common factor of 18 and 23778?
18
Calculate the greatest common factor of 11500 and 25.
25
What is the greatest common divisor of 126 and 72?
18
What is the greatest common factor of 54 and 252?
18
Calculate the greatest common factor of 5841 and 198.
99
Calculate the highest common divisor of 1440 and 9.
9
What is the highest common divisor of 5978 and 122?
122
Calculate the highest common divisor of 8549 and 103.
103
Calculate the greatest common factor of 200 and 2280.
40
What is the greatest common factor of 64672 and 172?
172
Calculate the highest common divisor of 697 and 2173.
41
Calculate the greatest common divisor of 16 and 11728.
16
Calculate the highest common factor of 348 and 12.
12
What is the greatest common factor of 120 and 96?
24
What is the highest common factor of 55 and 1067?
11
Calculate the greatest common factor of 3975 and 1431.
159
Calculate the highest common divisor of 1662 and 18.
6
What is the highest common divisor of 1749 and 477?
159
Calculate the greatest common factor of 2028 and 273.
39
What is the greatest common divisor of 3060 and 100?
20
Calculate the highest common factor of 12 and 5088.
12
What is the highest common divisor of 19 and 171?
19
Calculate the greatest common divisor of 22 and 4.
2
What is the greatest common divisor of 1404 and 324?
108
Calculate the highest common factor of 6 and 78.
6
Calculate the highest common divisor of 43918 and 42.
14
What is the highest common factor of 24104 and 184?
184
Calculate the highest common factor of 92 and 276.
92
Calculate the highest common divisor of 901 and 159.
53
What is the highest common factor of 40 and 40?
40
What is the highest common divisor of 192 and 2448?
48
Calculate the greatest common divisor of 44 and 836.
44
What is the highest common factor of 240 and 150?
30
Calculate the greatest common divisor of 4 and 212.
4
What is the highest common factor of 3647 and 21?
7
What is the highest common divisor of 56 and 126?
14
What is the highest common factor of 79 and 79?
79
What is the greatest common divisor of 63 and 525?
21
What is the highest common factor of 297 and 189?
27
Calculate the highest common factor of 50 and 2.
2
Calculate the highest common divisor of 36 and 3492.
36
Calculate the greatest common factor of 91 and 539.
7
Calculate the greatest common divisor of 524 and 131.
131
Calculate the highest common divisor of 39 and 1209.
39
What is the greatest common divisor of 11952 and 4?
4
What is the highest common divisor of 4508 and 28?
28
Calculate the greatest common divisor of 11978 and 318.
106
What is the highest common factor of 1380 and 60?
60
Calculate the highest common factor of 3297 and 252.
21
What is the highest common factor of 672 and 9?
3
Calculate the greatest common divisor of 418 and 66.
22
What is the highest common divisor of 14000 and 10?
10
Calculate the greatest common factor of 224 and 154.
14
Calcu